{"id":10948,"date":"2021-05-06T18:25:05","date_gmt":"2021-05-06T16:25:05","guid":{"rendered":"https:\/\/quality-pack.pl\/?page_id=10948"},"modified":"2021-05-12T11:40:33","modified_gmt":"2021-05-12T09:40:33","slug":"testy-na-przeciwciala-igm-igg-copy","status":"publish","type":"page","link":"https:\/\/quality-pack.pl\/?page_id=10948","title":{"rendered":"O nas"},"content":{"rendered":"\n<div style=\"height:60px\" aria-hidden=\"true\" class=\"wp-block-spacer\"><\/div>\n\n\n\n<h2 class=\"wp-block-heading\">O nas<\/h2>\n\n\n\n<p><strong>Quality Pack jest wiod\u0105cym pr\u0119\u017cnie rozwijaj\u0105cym si\u0119 dystrybutorem rozwi\u0105za\u0144 dla bran\u017cy medycznej. Naszym celem jest dostarczanie najwy\u017cszej jako\u015bci produkt\u00f3w medycznych z ca\u0142ego \u015bwiata.<\/strong> Zaopatrujemy najwi\u0119ksze o\u015brodki w Polsce w rozwi\u0105zania, kt\u00f3re u\u0142atwiaj\u0105 oraz zapewniaj\u0105 bezpiecze\u0144stwo personelowi medycznemu i pacjentom.<\/p>\n\n\n\n<p>Jeste\u015bmy jedyn\u0105 firm\u0105 na rynku, kt\u00f3ra potrafi znale\u017a\u0107 i wprowadzi\u0107 rozwi\u0105zanie zam\u00f3wione przez klienta lub zoptymalizowa\u0107 zam\u00f3wienie klienta w taki spos\u00f3b aby osi\u0105gn\u0105\u0142 najwy\u017csz\u0105 jako\u015b\u0107.<\/p>\n\n\n\n<div style=\"height:40px\" aria-hidden=\"true\" class=\"wp-block-spacer\"><\/div>\n\n\n\n<div class=\"wp-block-columns is-layout-flex wp-container-core-columns-is-layout-9d6595d7 wp-block-columns-is-layout-flex\">\n<div class=\"wp-block-column is-layout-flow wp-block-column-is-layout-flow\">\n<h4 class=\"has-text-align-center wp-block-heading\"><span style=\"color:#01c3cf\" class=\"has-inline-color\">Najwy\u017csza jako\u015b\u0107<\/span><\/h4>\n\n\n\n<p class=\"has-text-align-center\">Dostarczamy produkty medyczne najwy\u017cszej jako\u015bci, pochodz\u0105ce od najlepszych producent\u00f3w z ca\u0142ego \u015bwiata.<\/p>\n<\/div>\n\n\n\n<div class=\"wp-block-column is-layout-flow wp-block-column-is-layout-flow\">\n<h4 class=\"has-text-align-center wp-block-heading\"><span style=\"color:#01c3cf\" class=\"has-inline-color\">Wykwalifikowani eksperci<\/span><\/h4>\n\n\n\n<p class=\"has-text-align-center\">Oferujemy us\u0142ugi ekspert\u00f3w wykwalifikowanych w swoich dziedzinach, posiadaj\u0105cych ogromne do\u015bwiadczenie w zakresie wykonywanych dzia\u0142a\u0144.<\/p>\n<\/div>\n\n\n\n<div class=\"wp-block-column is-layout-flow wp-block-column-is-layout-flow\">\n<h4 class=\"has-text-align-center wp-block-heading\"><span style=\"color:#01c3cf\" class=\"has-inline-color\">Elastyczne podej\u015bcie<\/span><\/h4>\n\n\n\n<p class=\"has-text-align-center\">Ka\u017cde zam\u00f3wienie jest przez nas szczeg\u00f3\u0142owo analizowane i optymalizowane, rozwi\u0105zania dostosowujemy maksymalnie do potrzeb Klienta.<\/p>\n<\/div>\n<\/div>\n\n\n\n<div style=\"height:20px\" aria-hidden=\"true\" class=\"wp-block-spacer\"><\/div>\n\n\n\n<hr class=\"wp-block-separator\"\/>\n\n\n\n<div style=\"height:20px\" aria-hidden=\"true\" class=\"wp-block-spacer\"><\/div>\n","protected":false},"excerpt":{"rendered":"<p>O nas Quality Pack jest wiod\u0105cym pr\u0119\u017cnie rozwijaj\u0105cym si\u0119 dystrybutorem rozwi\u0105za\u0144 dla bran\u017cy medycznej. Naszym celem jest dostarczanie najwy\u017cszej jako\u015bci produkt\u00f3w medycznych z ca\u0142ego \u015bwiata. Zaopatrujemy najwi\u0119ksze o\u015brodki w Polsce w rozwi\u0105zania, kt\u00f3re u\u0142atwiaj\u0105 oraz zapewniaj\u0105 bezpiecze\u0144stwo personelowi medycznemu i pacjentom. Jeste\u015bmy jedyn\u0105 firm\u0105 na rynku, kt\u00f3ra potrafi znale\u017a\u0107 i wprowadzi\u0107 rozwi\u0105zanie zam\u00f3wione przez klienta &hellip; <a href=\"https:\/\/quality-pack.pl\/?page_id=10948\" class=\"more-link\">Continue reading <span class=\"screen-reader-text\">O nas<\/span> <span class=\"meta-nav\">&rarr;<\/span><\/a><\/p>\n","protected":false},"author":3,"featured_media":0,"parent":0,"menu_order":0,"comment_status":"closed","ping_status":"closed","template":"","meta":{"footnotes":""},"class_list":["post-10948","page","type-page","status-publish","hentry"],"_links":{"self":[{"href":"https:\/\/quality-pack.pl\/index.php?rest_route=\/wp\/v2\/pages\/10948","targetHints":{"allow":["GET"]}}],"collection":[{"href":"https:\/\/quality-pack.pl\/index.php?rest_route=\/wp\/v2\/pages"}],"about":[{"href":"https:\/\/quality-pack.pl\/index.php?rest_route=\/wp\/v2\/types\/page"}],"author":[{"embeddable":true,"href":"https:\/\/quality-pack.pl\/index.php?rest_route=\/wp\/v2\/users\/3"}],"replies":[{"embeddable":true,"href":"https:\/\/quality-pack.pl\/index.php?rest_route=%2Fwp%2Fv2%2Fcomments&post=10948"}],"version-history":[{"count":9,"href":"https:\/\/quality-pack.pl\/index.php?rest_route=\/wp\/v2\/pages\/10948\/revisions"}],"predecessor-version":[{"id":10983,"href":"https:\/\/quality-pack.pl\/index.php?rest_route=\/wp\/v2\/pages\/10948\/revisions\/10983"}],"wp:attachment":[{"href":"https:\/\/quality-pack.pl\/index.php?rest_route=%2Fwp%2Fv2%2Fmedia&parent=10948"}],"curies":[{"name":"wp","href":"https:\/\/api.w.org\/{rel}","templated":true}]}}